88. Let p be (-18)/d*-18 - 3/12. What is the greatest common factor of p and 200?
20
Let k = -1039 + 2402. Suppose -k = -5*c - 3*b - b, 4*c = 4*b + 1112. Calculate the greatest common factor of c and 25.
25
Let q = -16 + 25. Let g(w) = -w**3 - w - 12. Let l be g(0). Let p = l - -13. Calculate the highest common divisor of q and p.
1
Suppose -4*m - 8 + 32 = 0. Suppose m*t = 23 + 13. Calculate the greatest common factor of 4 and t.
2
Suppose -3*w - 6 = 0, q - w = w + 30. Calculate the greatest common factor of 871 and q.
13
Let z = 161 - 88. Let u = z - 69. Calculate the highest common divisor of 4 and u.
4
Suppose -5 = w - 10. Suppose -70 = w*b - 3*p - 0*p, -2*b - 7 = 3*p. Let g(t) = t**2 + 8*t - 5. Let a be g(b). What is the greatest common divisor of 14 and a?
14
Let f = -1026 - -1029. What is the greatest common divisor of f and 12?
3
Suppose 0 = -46*q + 18*q + 1848. What is the greatest common factor of q and 30?
6
Suppose 0 = 5*k - f - 136, -2 - 2 = 4*f. Suppose -4*l - 5 = 7, -2*t + 3*l - 15 = 0. Let q be 30/4*t/(-10). What is the greatest common factor of q and k?
9
Let k be 6/(-18) + (-10)/(-3). Suppose 479 = k*y - 214. Suppose -4*v + 11 - 3 = 0, -2*v - 101 = -5*o. Calculate the highest common factor of o and y.
21
Let u = 8 + -3. Suppose -52 = -16*r - 10*r. Suppose r*h = x + 67, u*x + 104 = -h + 4*h. What is the greatest common divisor of 22 and h?
11
Suppose -3*s + 99 = -4*c, 0 = c - 2*s - s + 18. Let t = c + 207. What is the greatest common divisor of 36 and t?
36
Let o(w) be the second derivative of 3*w**5/10 - w**4/3 + 5*w**3/2 - 3*w**2 + 2*w. Let t be o(4). What is the greatest common factor of t and 34?
34
Suppose -5*h + 35 = 2*j + 3*j, -4*j = -h - 18. Let v(o) = 3*o**3 + o**2 - 3*o + 6. Let c be v(h). Calculate the greatest common divisor of 7 and c.
7
Let x(m) = -m + 10. Let t be x(6). Suppose -l + 10 = 5*a + t, a + 87 = 4*l. What is the greatest common divisor of 189 and l?
21
Let d = -26 - -131. Calculate the highest common divisor of d and 42.
21
Let d = -9 - 70. Let h = 41 + d. Let w = 70 + h. What is the greatest common factor of w and 352?
32
Let z = 708 + -689. What is the highest common divisor of 1387 and z?
19
Suppose -56*h = -61*h + 35. Suppose -h = b - 15. Calculate the highest common divisor of b and 88.
8
Suppose 546 - 141 = 9*v. Calculate the greatest common factor of 10 and v.
5
Suppose -2*l + 2*i + 0*i + 24 = 0, -38 = -4*l + 2*i. Let v be (-3)/(-1 + l)*-34. Calculate the highest common factor of 170 and v.
17
Let u(l) = 73*l + 395. Let s be u(-5). What is the greatest common factor of s and 300?
30
Suppose 0 = -4*v + 55 - 7. Let z be 3/(-3) + (-12)/4. Let k be (3/(-4))/(1/z). What is the highest common factor of k and v?
3
Let z(f) = -f - 2 + 2*f + 6*f**2 - 2*f**2 + f. Let g be z(-3). Let i be (0 + 3 + -4)*-4. Calculate the highest common factor of i and g.
4
Let m(z) = 3*z**2 + 31*z - 137. Let j be m(5). What is the highest common factor of 403 and j?
31
Let g(w) = -6*w**3 - 2*w - 4. Let z be g(-2). What is the highest common divisor of z and 72?
24
Let a = 32 - 69. Let y = a + 56. What is the greatest common divisor of y and 171?
19
Suppose 16*w - 654 = -126. Let f(i) = i**2 + 2*i + 3. Let q be f(-2). What is the highest common divisor of q and w?
3
Suppose 49*p + 448 = 65*p. What is the greatest common divisor of p and 161?
7
Let o = -25 + 41. Let p be o - -4 - -2*1. Suppose 45 = 5*v + 5*c, 0 = 3*v + 2*c - 4*c - p. Calculate the greatest common divisor of 16 and v.
8
Let x(h) = 4*h + 152. Let i be x(-7). Calculate the greatest common divisor of 1674 and i.
62
Suppose 12*l - 437 = 535. Calculate the highest common divisor of 27 and l.
27
Let o = 0 - -2. Let z(t) = -1 + t - 1 + 3 + 11*t**3 - o - t**2. Let j be z(1). What is the highest common factor of 15 and j?
5
Suppose 0 = -30*z + 12*z + 5346. What is the greatest common divisor of 11 and z?
11
Let o be 121*(2 - (4 - 5)). Calculate the highest common divisor of 33 and o.
33
Let r(h) = 8*h - 2. Let n be r(4). Let s be (n/(4 - 1))/2. Suppose 5*z - 2 = -7, s*o - 4*z = 99. Calculate the greatest common divisor of 152 and o.
19
Let r(a) = -a**3 - 8*a**2 - 2*a - 9. Let s be r(-8). Suppose s*q - 48 = q. Let j be 1*-2*(-2 + -14). Calculate the highest common factor of q and j.
8
Suppose 0 = i - 0*i + 57. Let q = -39 - i. Suppose 2*b + f = 7 - 0, 4*b + f - 19 = 0. Calculate the highest common factor of q and b.
6
Let z be (213/8 - 15/(-40))*1. Calculate the highest common divisor of 783 and z.
27
Let r be 164/(-123)*(-4 + 1). What is the highest common divisor of 34 and r?
2
Let s = 38 - 27. Suppose 3*f - s = 163. Suppose 5*u - 2 = f. What is the greatest common factor of u and 12?
12
Let j(d) = 2*d**2 - 77*d + 67. Let v be j(41). What is the highest common divisor of 16 and v?
16
Suppose -66*m = -18*m - 13824. Calculate the highest common factor of 84 and m.
12
Let k = 80 - 166. Let v = 40 + k. Let j = v + 64. Calculate the greatest common divisor of 6 and j.
6
Let i = 583 - 363. What is the highest common factor of i and 40?
20
Let i be (8 - 5) + (0 - -5). Let a = -35 - -55. What is the greatest common divisor of a and i?
4
Let c(j) = -38*j - 18. Let a be c(-3). What is the highest common divisor of 36 and a?
12
Suppose 9*v - 110 = 4*v. Let z(i) = i**3 - 2*i**2 - 10*i + 8. Let h be z(4). Suppose -36*x + 37*x - 2 = h. What is the highest common divisor of v and x?
2
Let p(t) = 3*t**2 + 48*t + 8. Let u be p(-16). Let a(q) = -q**2 + 9. Let y be a(0). Let g = y - 1. Calculate the highest common factor of u and g.
8
Let n(t) = -t**3 + 9*t**2 + t - 32. Let i be n(6). Calculate the highest common divisor of 2 and i.
2
Let t(l) = -2*l**3 - 20*l**2 - 4*l - 17. Let s be t(-10). Suppose 5*f - 2*q = 115, 0 = -f - 7*q + 3*q + s. What is the highest common factor of 69 and f?
23
Let m be -4*9*(-3)/(-18). Let h be ((-126)/4)/(3/m). Let p be 6*1 + (-27)/(-9). Calculate the greatest common divisor of h and p.
9
Suppose 160 = 4*p + p. Let s = 33 + -25. Calculate the greatest common divisor of s and p.
8
Let s = 166 + -51. Suppose 5*c + s = 5*x, 5*x + 0*c = -2*c + 94. What is the greatest common divisor of x and 100?
20
Let y be -424*1*(3 + 14/(-4)). What is the greatest common divisor of y and 159?
53
Let q be (-54)/9*(-22)/12*5. Calculate the greatest common divisor of q and 45.
5
Let h = 10 - 20. Let s = h - -22. What is the highest common divisor of 84 and s?
12
Let z = 393 - 88. Calculate the greatest common factor of z and 122.
61
Suppose 0 = 4*u - 2*d - 230, 37*u = 39*u + 5*d - 97. What is the highest common divisor of u and 280?
56
Let b(d) = 3*d - 2. Let k be b(3). Suppose 0*c = -5*c - 15. Let a be (c/9*-1)/((-1)/(-105)). Calculate the greatest common divisor of k and a.
7
Let h(b) = -b**3 + 8*b**2 + 6*b - 13. Let r be h(9). Let d be (24/(-10))/(2/r). What is the greatest common divisor of d and 12?
12
Let k be ((-2)/4 - 0)*-52. Let r = k + -2. Calculate the greatest common factor of 240 and r.
24
Let c = -2 + 4. Suppose 20*l = 34*l - 728. Suppose -4*j + 4*d + l = 0, -c*d - 21 = -2*j - d. Calculate the greatest common factor of j and 32.
8
Let b(i) = -13*i + 10. Suppose 15*h - 10 = 17*h. Let q be b(h). Calculate the highest common divisor of 15 and q.
15
Let g = 396 + -244. What is the highest common divisor of g and 16?
8
Suppose -8*b + 10*b - 30 = 0. Suppose 11 = 2*z - b. Calculate the highest common factor of 13 and z.
13
Suppose -79*x + 83*x = 80. Let p(a) = a**2 + 2*a - 5. Let n be p(-5). What is the highest common divisor of x and n?
10
Let z = 119 + -69. Suppose 0*f = 3*f. Let m be f/(-2) + (0 - -25). What is the highest common factor of z and m?
25
Suppose 5*a - 5 = 0, 3*a - 164 = -5*l + 4*a. Calculate the highest common divisor of l and 6.
3
Let m = 416 - 376. Calculate the highest common divisor of 1880 and m.
40
Let a be 6/(-14) - (-15)/35. Suppose a = -r + s + 2, 0 = -2*r + 4*s + 1 + 3. Calculate the greatest common factor of r and 18.
2
Suppose 8 - 14 = -2*q. Suppose 0 = 5*u - 5*w - 415, -q*w - 2*w + 341 = 4*u. What is the highest common factor of 12 and u?
12
Let q = -285 - -330. Calculate the highest common divisor of 15 and q.
15
Let y be 2/(316/78 + -4). Suppose 5*t - 5*i = 80, 2*i - y = -4*t + 25. What is the highest common factor of t and 32?
16
Suppo